ed by 13.
8
Suppose -2318 = -2*x - 3*a, -a = -3*x - 716 + 4193. Calculate the remainder when x is divided by 82.
11
Let q(w) = -w**3 - 4*w + 142. Let i = -51 - -51. What is the remainder when q(i) is divided by 18?
16
Calculate the remainder when 2/(-20)*12790/(-4) - 5/(-20) is divided by 155.
10
Suppose 0 = 7*a - 6*a - 206. Let y = a - -1. Calculate the remainder when y is divided by 26.
25
Let b = 98 - 78. Suppose -4*m + 5*p - 764 = -6*m, 0 = -5*p + b. Let i = m - 266. Calculate the remainder when i is divided by 54.
52
Let a(r) = 2*r**2 + 9*r + 5. Suppose -23*l + 52111 = 51789. Calculate the remainder when a(-7) is divided by l.
12
Suppose 53 + 4 = 3*d. Suppose -5*c + 314 - 158 = p, 0 = -2*p - 8. What is the remainder when c is divided by d?
13
Suppose 0 = -233*h + 890 + 974. What is the remainder when 775 is divided by h?
7
Suppose 0*c - 2*c = 5*j + 1, -1 = -j. Let f = c - 4. Let k(s) = -s**2 - 10*s - 15. What is the remainder when 23 is divided by k(f)?
5
Suppose -14*i = -15*i - 4*l + 1721, -2*l = -2*i + 3402. Let c = i + -904. Calculate the remainder when c is divided by 11.
9
Let l(s) = 2*s**3 + 9*s**2 - 5*s - 48. Let b be l(-6). Calculate the remainder when 25 is divided by b/(-7) - -1 - 5*1.
11
Let f = -8056 + 8109. Let t = 27 - 16. What is the remainder when f is divided by (t*4/(-2))/(-2)?
9
Let j be (4 - 52/12)*-12. Suppose 2*c + 24 = j*w, 3 - 21 = -3*w - 3*c. What is the remainder when 26 is divided by 2 - w/9*-18?
12
Suppose 19*b = 23*b - 33 + 1. Calculate the remainder when 203 is divided by b.
3
Suppose -2*n + 0*n + 14 = 0. Suppose i - 201 = -126. What is the remainder when 4/(-30) + -41*(-35)/i is divided by n?
5
Suppose -3*t = -4*v - 0 - 14, -3 = -t + v. Let k be t - (-2 + 1)/(2/14). Suppose -k*q + 72 = q. What is the remainder when q is divided by 6?
0
Suppose 11*u - 10*u - 3*r - 5215 = 0, 2*u = -r + 10416. Calculate the remainder when u is divided by 27.
25
Suppose 79 = -3*t + 364. What is the remainder when t is divided by (4 - (-264)/24) + 1?
15
Suppose 0 = 2*s + n - 65, s = -n + 3 + 28. Suppose 5*z + 5 = 25. Suppose 2*j = 4*j - z*l - 6, -34 = -3*j + l. What is the remainder when s is divided by j?
8
Suppose -2*j + 3*j - 140 = -5*s, 3*s = j + 84. Suppose 4*m = -2*u + s, 2*m - 86 = -u - 4*u. Calculate the remainder when u is divided by ((-20)/55)/(1/(-11)).
2
Calculate the remainder when 2261 is divided by ((-1344)/80)/((-46)/345).
119
Let c(r) = -2*r + 14. Suppose 25*z = 29*z + 8. Calculate the remainder when 85 is divided by c(z).
13
Let u = -11 + 16. Suppose u*c = 2*c + 51. What is the remainder when c is divided by (-17)/(-1309)*28*22?
1
Let m be ((-32 + -4)/(-2))/(-2). Let b = 37 - m. Calculate the remainder when 366 is divided by b.
44
Let s(j) = j**2 - 14*j - 2511. Calculate the remainder when s(-48) is divided by 60.
45
Let x = -28728 + 28779. What is the remainder when 6169 is divided by x?
49
Suppose 3*x - 927 - 690 = 0. Calculate the remainder when x is divided by 6.
5
Suppose -2*q + 3*t = -486, -2*t - 5 - 3 = 0. Suppose -16*k + 3 = -q. What is the remainder when 119 is divided by k?
14
Suppose 5*n = -5*q - 20, 0*n + 16 = -q - 4*n. Suppose -2*u + 182 + 98 = q. Suppose t - u = -127. Calculate the remainder when 63 is divided by t.
11
Suppose 1171 + 1223 = 14*g. Let y = g - 86. What is the remainder when y is divided by 7?
1
Suppose 339*z - 334*z = q + 3358, -9 = 3*q. Calculate the remainder when z is divided by 97.
89
Let u(y) = -2*y**2 + 19*y - 41. Let w be u(4). Calculate the remainder when ((-138)/(-2))/(w/3) is divided by 24.
21
Let c(a) = -736*a + 911. Calculate the remainder when c(0) is divided by 150.
11
Let j = 30 - 11. Let x = 52 - -5. Suppose a = 17 + x. What is the remainder when a is divided by j?
17
Let o = -3281 - -3295. Calculate the remainder when 446 is divided by o.
12
Let l = 144 - 639. Let h = 517 + l. What is the remainder when 129 is divided by h?
19
Let y be 62 - -4*(-30)/24. Suppose -14*x = -365 + y. What is the remainder when x is divided by 6?
4
Let g = -11 + 10. Calculate the remainder when (10 + g)*870/45 is divided by 16.
14
Let j(l) be the first derivative of -l**4/2 - 2*l**3/3 + 4*l**2 + 9*l + 17. What is the remainder when j(-4) is divided by 27?
19
Let y(x) = -100*x - 293. What is the remainder when y(-9) is divided by 59?
17
Suppose i - 43 = -2*s, -2*i = 18 - 12. Suppose -144 = v - 2*k, 366 = 4*v + k + 951. Let z = 233 + v. What is the remainder when z is divided by s?
18
Let i(h) = 381 - 22*h + 3*h**3 + 14*h**2 - 2*h**3 - 376. Calculate the remainder when i(-15) is divided by 16.
14
Let f(j) = -313*j + 41669. Suppose 9 = 4*v - v. Suppose -3*k - 111 = -o - v*o, 0 = 2*o + k - 43. Calculate the remainder when f(133) is divided by o.
16
Suppose p = 2*b + 116 + 20, 4*b + 524 = 4*p. Calculate the remainder when p is divided by (2/5)/((-178)/(-9790)).
16
Suppose -4*q + 244 = 2*u, 2*q + 5*u - 114 = -0*q. Suppose -44*y = -38*y - 1848. Calculate the remainder when y is divided by q.
60
Suppose -5*s + 62*j = 57*j - 645, 3*j + 123 = s. Calculate the remainder when 178 is divided by s.
46
Let n be (779 - -2) + (17 - 24). Suppose 150 + n = 44*i. Calculate the remainder when i is divided by 8.
5
Let x(i) = -i**2 + 11*i + 13. Let n be (-26)/(-3) - 13/(-39). Let l(h) = -6*h**2 - 38*h - 4. Calculate the remainder when x(n) is divided by l(-6).
7
Suppose 0 = -2*o - 5*j - 3 - 4, -2*o + 2*j + 14 = 0. Calculate the remainder when (51/o)/((-2)/(-8)) is divided by (23 - (-20)/(3 - 13)) + (-8 - -1).
9
What is the remainder when 2558 is divided by (11/(88/(-48)) - -85) + 1?
78
Let o(d) = -3*d**3 + 2*d**2 - 3*d + 10. Let n be o(2). What is the remainder when 219 is divided by 45/60*(-656)/n?
14
Suppose 744*n - 46732 = 12044. What is the remainder when 2347 is divided by n?
56
Let h = 107 + -41. Let q = h - 66. Calculate the remainder when 29 - (1 - q/4) is divided by 17.
11
Suppose -27*w + 43 = -578. Let g = -48 - -48. Calculate the remainder when w is divided by (g - 4/(-6))/((-2)/(-27)).
5
Let l(q) = 2*q + 4. Let z be l(4). Suppose 3*n - z = 4*j, 4*n - 3*j + 12 = -7*j. Suppose -4*t - 11*t + 2325 = n. What is the remainder when t is divided by 26?
25
What is the remainder when 528 is divided by ((-19536)/259)/((-1)/7) + -3?
3
Let u(d) = -5*d - 64. What is the remainder when 1725 is divided by u(-20)?
33
What is the remainder when 361 is divided by ((-80)/24 + 4)*(-33)/2*-1?
9
Let d = 197 + -85. Suppose -5*u + 531 = 4*p, -5*p = -3*u + 2*u + d. Let j = -45 + u. What is the remainder when j is divided by 13?
10
Suppose -17*f + 14*f = -15. Let g be 0 + 3 + (f - -7). What is the remainder when (114/g)/((-8)/(-40)) is divided by 14?
10
Let c be ((-4)/((-28)/3213))/(3 + -2). Let j = -382 + c. Calculate the remainder when j is divided by 42.
35
Let v = -12527 - -13441. Calculate the remainder when v is divided by 313.
288
Let h(b) = b - 10. Let w be h(6). Calculate the remainder when w/14 - (-429)/7 is divided by 0 + 2 - -25 - (1 + -6).
29
Let j be 2/((-2)/(-3)) - 17. Let l(q) = 2*q**2 + 18*q + 35. Let r(v) = -v**2 + 1. Let x(h) = -l(h) - r(h). What is the remainder when 118 is divided by x(j)?
18
Let k = 14502 - 14305. What is the remainder when k is divided by 37?
12
Suppose 623*q + 4248 = 741*q. Calculate the remainder when -1*(-30)/(-4)*-14 is divided by q.
33
Let c(x) = -2*x**2 + 65*x + 24. Calculate the remainder when 66 is divided by c(0).
18
Let c(j) = -j**2 + 7*j + 10. Let y be c(8). Let h(q) = q**2 - 5. Calculate the remainder when y/3 - (-10292)/186 is divided by h(-6).
25
Suppose u - 5*k = 9 - 11, 0 = -u + 3*k. Let q(s) = s**3 - s**2 - 3*s - 3. Let i be q(3). Suppose i*b - 10 = b. Calculate the remainder when u is divided by b.
1
Let j(b) = -b**2 - 43*b - 349. Calculate the remainder when 864 is divided by j(-31).
13
Let g = -1556 + 2805. Suppose -g + 286 = 3*r. Let w = -179 - r. Calculate the remainder when w is divided by 29.
26
What is the remainder when 64/(9 - 13) - -2239 is divided by 25?
23
Suppose 2*r = 3*r - 3. Suppose 0 = r*q + 12 - 54. Suppose -3507 = 164*u + 211*u - 13632. Calculate the remainder when u is divided by q.
13
Suppose -19*t - 9386 = 14*t - 3677. Let i(l) = -47*l - 2. Let s be i(2). Let z = s - t. What is the remainder when z is divided by 8?
5
Suppose -2*k + 5 + 1 = 0. 